the remainder when m is divided by a?
0
Let q = 31 - 43. Let d = q + 20. Calculate the remainder when d is divided by 3.
2
Let f(o) be the second derivative of 2*o + 5/3*o**3 + 0 + o**2 - 1/2*o**4 - 1/20*o**5. Calculate the remainder when f(-8) is divided by 17.
16
Let k(c) = -6*c**3 - c**2 + c + 4. What is the remainder when 136 is divided by k(-2)?
44
Let k = 46 + -8. What is the remainder when k is divided by 13?
12
Let o be (-2)/4*4*19. Calculate the remainder when o/(-6) + 1/(-3) is divided by 5.
1
Let f = -20 - -34. Calculate the remainder when 38 is divided by f.
10
Let j = -23 - -41. Let o = 18 + -10. What is the remainder when 256/j + (-6)/27 is divided by o?
6
Let o(g) = 3*g**2 - 6*g - 5. What is the remainder when o(6) is divided by 17?
16
Let h = -114 + -70. Let n be h/(-18) - 2/9. Suppose 3*j - j - n = 0. Calculate the remainder when j is divided by 2.
1
Let w = -36 - -110. Calculate the remainder when w is divided by 11.
8
Let a(x) = 0*x - x**3 + 0*x + 30. Let q be a(0). Suppose -3*b + q = -3*n, -b + n + 4 = 3*n. What is the remainder when b is divided by 5?
3
Suppose 4*w - 4*n - 28 = -4, -2*w = 2*n. Calculate the remainder when 31 is divided by w.
1
Suppose -r = 3*a - 69, 139 - 35 = 5*a - 2*r. Calculate the remainder when a is divided by 8.
6
Let a(h) = -h**2 + 16*h + 22. What is the remainder when a(13) is divided by 16?
13
Let b(v) = -v + 3. What is the remainder when 15 is divided by b(-5)?
7
Suppose -j - 137 = -3*r, -r + 0*r + 49 = -2*j. Suppose -c - 41 = -3*z - 2, -c + r = 3*z. Calculate the remainder when 40 is divided by z.
12
Suppose 90 = 15*x - 10*x. Suppose 4*p - 6 = -2*i - 0*p, 3*p + x = i. Calculate the remainder when 34 is divided by i.
7
Let q = 2 + 0. Suppose q = 2*v, 2*v - 25 = -3*j - 2*v. What is the remainder when 18 is divided by j?
4
Suppose 3*o + 23 - 5 = 0. Calculate the remainder when (-218)/o + 2/3 is divided by 459/36 - 2/(-8).
11
Let t = -62 - -74. Calculate the remainder when 52 is divided by t.
4
Let q(f) = 5*f - 7. Calculate the remainder when q(4) is divided by (0 + 1)/(1/7).
6
Let u = 17 + -9. Let c = 18 - 15. What is the remainder when u is divided by c?
2
Let g be (2/4)/(2/(-96)). Let d = 38 + g. What is the remainder when 38 - 0 - (-9 + 7) is divided by d?
12
Let l(q) = q**2 - 11*q - 12. Let s be l(11). Let z = -3 - s. Calculate the remainder when 16 is divided by z.
7
Let l be 1 + 3 - (-1 - 2). Let w = -29 - 5. Let a = l - w. What is the remainder when a is divided by 14?
13
Let h(r) = r**2 - 12*r + 5. Let p be h(7). Suppose 4*l + 2 = j, -j - 1 - 1 = 0. What is the remainder when 2 + (l - 0) - p is divided by 16?
15
Let v = -13 - -37. Suppose -5*g - 37 = -4*l, 40 = 5*l - l - 4*g. Calculate the remainder when v is divided by l.
11
Let a(t) = -t**2 + 11*t - 13. Let x be a(9). Suppose 0*q - 2*r = q - 3, 3*q + x*r - 10 = 0. What is the remainder when 19 is divided by q?
4
Let j(q) = q**2 + 10*q + 34. Calculate the remainder when 19 is divided by j(-6).
9
Let q(j) = -j**3 - 4*j**2 + 2*j - 3. Let g(s) = -s**3 - 3*s**2 + 6*s + 7. Let u be g(-5). Calculate the remainder when ((-92)/6)/((-18)/u) is divided by q(-5).
11
Suppose 0*l - 25 = -l. Suppose 2*a - a - 3*t = 4, 2*a - t - 13 = 0. What is the remainder when l is divided by a?
4
Suppose 4*w = 9*w - 30. Calculate the remainder when 16 is divided by w.
4
Suppose 24 = 5*n + 9. Suppose -4*p + 50 = 5*v, -8*p + v = -n*p - 77. Calculate the remainder when 28 is divided by p.
13
Suppose o + 0*p = 2*p + 21, -27 = -o + 5*p. What is the remainder when 50 is divided by o?
16
Suppose 0 = -4*v - 2*y + 484, 0*v + 5*v - 5*y - 575 = 0. Suppose -5*k = -v - 21. What is the remainder when k is divided by 5?
3
Suppose -6*h + 2*h = 48. Let d(b) = -4*b + 61. What is the remainder when d(14) is divided by (h/10)/(2/(-5))?
2
What is the remainder when 7 is divided by (0 - (-20)/16)*4?
2
Suppose 270 = 6*p - 0*p. Calculate the remainder when p is divided by 25.
20
Let j be (-7 + 8)*(0 - -1). Suppose -l = -34 - j. What is the remainder when l is divided by 9?
8
Let c = -195 - -297. Calculate the remainder when c is divided by 26.
24
Let a(p) = -p**3 + 13*p**2 + 14*p + 13. Let i be a(14). What is the remainder when i - 0*3/(-6) is divided by 4?
1
Let p = 41 + 5. Suppose -2*a - 2*c - c + 71 = 0, -a + 2*c = -p. What is the remainder when a is divided by 14?
12
Suppose -4*x - 5*d = -3*x - 27, d = -2*x + 36. Calculate the remainder when x is divided by 14/2 - (3 + -7)/(-2).
2
Suppose -2*g + 5*a + 69 + 26 = 0, 3*g + 2*a = 95. Let z be 0*3/6 + 1. What is the remainder when g is divided by (10 - (-1 + 0)) + z?
11
Suppose -30 = -2*a + 8. Let p = -3 + 7. Suppose l + 3*k - p = 0, -2*k + 18 = 4*l - 8. What is the remainder when a is divided by l?
5
Suppose -x + 4 = -4. What is the remainder when 15 is divided by x?
7
Let f(m) = 3*m - 13. Let h(k) = -9*k + 38. Let i(v) = -17*f(v) - 6*h(v). Calculate the remainder when 20 is divided by i(6).
9
Suppose 0*r - 4*r = -84. Let p = -3 + 9. Calculate the remainder when r is divided by p.
3
What is the remainder when 34 is divided by -27*(21/(-9) - -2)?
7
Let l = 17 - -4. Suppose -g - 7 = -2*a + 12, 2*a + 5*g = 37. Let x = a + l. Calculate the remainder when x is divided by 17.
15
Let x = 2 + 0. Suppose -16 = -x*h - 2*h. Suppose h*o + 3*l - 1 = 3, 4*o + l - 12 = 0. What is the remainder when 9 is divided by o?
1
Suppose -3*d + 4*u = -2*d - 63, -2*d = u - 135. Calculate the remainder when d is divided by 24.
19
Suppose u = j - 9, 4*u = -3*j + 5*j - 26. Suppose -j*h = -53 - 57. Calculate the remainder when (-1 - -3)/(2/42) is divided by h.
20
Suppose -4*x + 233 = 5*t, 3*t + 141 = 3*x - 0*x. What is the remainder when x is divided by 9?
7
Let q = -42 - -99. Suppose x = 5*w + q + 4, -5*w + 185 = 5*x. What is the remainder when x is divided by (-2)/(16/(-14) - -1)?
13
Let l = -13 - -40. Let g = l - -3. What is the remainder when g is divided by 8?
6
Let p = -46 + 80. Suppose -3*h + 2 = -4. Suppose 2*c = -h*c + 48. What is the remainder when p is divided by c?
10
Suppose 7 = 5*c - 4*r, -5*c + 7 = -2*c - r. Let m(u) = 4*u**3 - u**2 - 2*u + 1. What is the remainder when m(c) is divided by 24?
22
Let k(c) = 25*c - 2. Let g be k(3). Suppose g = 3*z + y - 5*y, 0 = 5*y + 5. Suppose -z - 8 = -x. What is the remainder when x is divided by 16?
15
Let k(s) = 4*s**2 + 2*s - 2. Let z be k(-2). What is the remainder when z*5/(100/24) is divided by 19/3 - (-4)/6?
5
Calculate the remainder when (3/(-3))/((-2)/4) is divided by 0 + (-3)/(-9)*3.
0
Let z(u) = u**2 - 7*u - 3. Suppose -3*j - 25 = -8*j. Suppose -j*c - 7 = -47. What is the remainder when 14 is divided by z(c)?
4
Suppose -19 = -t - 11. Calculate the remainder when 85 is divided by t.
5
Suppose 102 = 5*g + j - 94, 108 = 3*g + 3*j. What is the remainder when g is divided by 11?
7
Let o = 0 - -1. Let s be o/((-3)/6) - -4. What is the remainder when 2 is divided by -1 - (s - (2 - -2))?
0
Let d = -9 + 17. What is the remainder when 15 is divided by d?
7
Let p(c) = 2 + 4*c - 5*c + 23 - 3. Suppose -8 = 3*s - 4*s - y, 4*y = 3*s - 17. Calculate the remainder when p(9) is divided by s.
6
Let y = 580 - 406. Calculate the remainder when y is divided by 59.
56
Let p be (4/(-12))/((-2)/6). Let a(l) = 24*l**3 - 2*l + 1. What is the remainder when a(p) is divided by 12?
11
Let c = -18 + 32. Suppose -4*h + 201 = 2*v + 3*v, 3*v = -3*h + 120. Calculate the remainder when v is divided by c.
13
Suppose -112 = -m - 3*z, -z - 333 = -3*m - 47. Calculate the remainder when m is divided by 11.
9
Suppose 8 = p + 3*l, -4*p + l + 83 = -4*l. Suppose 3*k - 73 = p. Calculate the remainder when 34 is divided by -4*(-3)/30*k.
10
Suppose -v + 3*b = -29, 2*v + 2*b - 10 - 8 = 0. Suppose p - v + 3 = 0. What is the remainder when 31 is divided by p?
9
What is the remainder when 222 is divided by (-1 - 111/(-3)) + -4?
30
Let s = -39 - -79. Suppose -5*t + 4*g = -108 + s, -3*g - 39 = -3*t. Calculate the remainder when 29 is divided by t.
13
Let g = 208 - 113. What is the remainder when g is divided by 27?
14
Let y(f) = f**3 + 13*f**2 - 14*f + 2. Calculate the remainder when 7 is divided by y(-14).
1
Let h = -6 - -10. Suppose 9 = -h*g + 61. Calculate the remainder when 36 is divided by g.
10
Suppose -2*a + 36 = 4*y, 12 = 2*y - 2*a - 6. Calculate th